1, 491, 853
What are the prime factors of 9884083?
11, 898553
List the prime factors of 128486640.
2, 3, 5, 535361
What are the prime factors of 110518510?
2, 5, 67, 164953
List the prime factors of 29159016.
2, 3, 1214959
List the prime factors of 9014192.
2, 11, 51217
What are the prime factors of 49727266?
2, 67, 371099
What are the prime factors of 497712633?
3, 11, 15082201
List the prime factors of 483999103.
7, 19, 457, 7963
List the prime factors of 478633183.
7, 157, 491, 887
What are the prime factors of 6302194261?
11, 572926751
List the prime factors of 46179508.
2, 73, 167, 947
What are the prime factors of 112441593?
3, 11, 691, 4931
What are the prime factors of 1762381222?
2, 7, 113, 571, 1951
What are the prime factors of 53490847?
23, 2325689
What are the prime factors of 66119515?
5, 7, 11, 263, 653
What are the prime factors of 995581719?
3, 11, 1699, 1973
What are the prime factors of 195721487?
13, 1987, 7577
What are the prime factors of 3219022240?
2, 5, 7, 107, 26861
What are the prime factors of 36771080?
2, 5, 19, 48383
List the prime factors of 428631680.
2, 5, 23, 37, 787
List the prime factors of 7301739.
3, 191, 12743
List the prime factors of 706185213.
3, 641, 367231
List the prime factors of 99911823.
3, 11, 19, 159349
What are the prime factors of 4474704253?
151, 2917, 10159
List the prime factors of 472127001.
3, 157375667
List the prime factors of 106748768.
2, 7, 29, 16433
List the prime factors of 2537538274.
2, 19, 43, 89, 17449
List the prime factors of 1986198543.
3, 7, 103, 257, 397
What are the prime factors of 201700258?
2, 421, 569
List the prime factors of 2780745217.
2780745217
What are the prime factors of 509088404?
2, 11, 11570191
List the prime factors of 229819542.
2, 3, 23, 139, 11981
What are the prime factors of 681405086?
2, 340702543
List the prime factors of 23494842.
2, 3, 7, 263, 709
What are the prime factors of 1290352019?
11, 199, 589471
List the prime factors of 583694912.
2, 9120233
List the prime factors of 156216148.
2, 11, 107, 33181
What are the prime factors of 247045585?
5, 49409117
What are the prime factors of 361608061?
61, 283, 20947
What are the prime factors of 14349168?
2, 3, 251, 397
What are the prime factors of 4481330584?
2, 17341, 32303
What are the prime factors of 433688928?
2, 3, 47, 277, 347
List the prime factors of 4618127985.
3, 5, 367, 838897
What are the prime factors of 1919178981?
3, 71080703
List the prime factors of 69814885.
5, 7, 1994711
List the prime factors of 910963608.
2, 3, 37956817
What are the prime factors of 6421857988?
2, 7, 13, 17642467
List the prime factors of 29357663.
29357663
What are the prime factors of 39935883?
3, 13, 227, 347
What are the prime factors of 696210528?
2, 3, 13, 557861
What are the prime factors of 23043828?
2, 3, 821, 2339
List the prime factors of 951293432.
2, 23, 5170073
List the prime factors of 234824127.
3, 433, 180773
What are the prime factors of 115197606?
2, 3, 2133289
List the prime factors of 105588846.
2, 3, 11, 19751
List the prime factors of 939706211.
939706211
What are the prime factors of 32853074?
2, 331, 49627
List the prime factors of 1182278185.
5, 11, 47, 601, 761
What are the prime factors of 400442452?
2, 100110613
List the prime factors of 325178161.
7, 11, 53, 11383
What are the prime factors of 797044184?
2, 17, 593, 9883
List the prime factors of 7028149391.
29, 242349979
What are the prime factors of 1163493534?
2, 3, 7, 241, 16421
List the prime factors of 19436499.
3, 67, 32233
List the prime factors of 39246801.
3, 11, 137, 8681
List the prime factors of 213640777.
7, 30520111
What are the prime factors of 2880543747?
3, 960181249
List the prime factors of 1920713853.
3, 149, 4296899
What are the prime factors of 385127335?
5, 2851, 27017
List the prime factors of 260489187.
3, 7, 31, 133379
What are the prime factors of 662693120?
2, 5, 517729
What are the prime factors of 97338207?
3, 32446069
What are the prime factors of 236905466?
2, 7, 29, 583511
List the prime factors of 36682924.
2, 2687, 3413
What are the prime factors of 1457756010?
2, 3, 5, 16197289
What are the prime factors of 301259676?
2, 3, 4441, 5653
What are the prime factors of 252199024?
2, 7, 11, 204707
List the prime factors of 6763726209.
3, 809, 2786867
List the prime factors of 200208451.
167, 1198853
What are the prime factors of 319105437?
3, 7, 19, 167, 4789
List the prime factors of 38928656.
2, 13, 211, 887
List the prime factors of 5966618.
2, 7, 67, 6361
List the prime factors of 613922193.
3, 79, 287821
What are the prime factors of 28459496?
2, 13, 17, 16097
What are the prime factors of 63047182?
2, 11, 107, 26783
What are the prime factors of 97226773?
7, 23, 603893
What are the prime factors of 520187483?
59, 1459, 6043
What are the prime factors of 126480178?
2, 11, 419, 13721
List the prime factors of 409792898.
2, 204896449
What are the prime factors of 3512464968?
2, 3, 146352707
What are the prime factors of 616712540?
2, 5, 2143, 14389
What are the prime factors of 4746013689?
3, 1307, 1210409
What are the prime factors of 59753940?
2, 3, 5, 97, 10267
List the prime factors of 2885658045.
3, 5, 1447, 132949
List the prime factors of 39398612.
2, 11, 895423
List the prime factors of 1830232.
2, 19, 12041
What are the prime factors of 740509120?
2, 5, 13, 17, 37, 283
List the prime factors of 2971284432.
2, 3, 41, 617, 2447
List the prime factors of 509826125.
5, 4078609
What are the prime factors of 2452374510?
2, 3, 5, 199, 410783
What are the prime factors of 1123741842?
2, 3, 131, 1429697
List the prime factors of 1513022730.
2, 3, 5, 50434091
List the prime factors of 147094820.
2, 5, 401, 18341
List the prime factors of 237668398.
2, 11, 17, 29, 1289
What are the prime factors of 2562327257?
7, 947, 55219
What are the prime factors of 275471909?
131, 2102839
List the prime factors of 5469494368.
2, 13, 1011371
List the prime factors of 1296492922.
2, 4073, 159157
List the prime factors of 4066015361.
10939, 371699
List the prime factors of 207494988.
2, 3, 17291249
List the prime factors of 6868193704.
2, 858524213
List the prime factors of 560754292.
2, 7, 20026939
List the prime factors of 20710947.
3, 17, 59, 6883
What are the prime factors of 1568912897?
19, 82574363
What are the prime factors of 7738680189?
3, 29, 59, 937, 1609
List the prime factors of 235591830.
2, 3, 5, 19, 311, 443
What are the prime factors of 971584276?
2, 13, 18684313
List the prime factors of 5895583263.
3, 107, 6122101
What are the prime factors of 189103326?
2, 3, 2729, 11549
What are the prime factors of 236748629?
13, 1319, 13807
List the prime factors of 327268903.
13, 109, 230959
What are the prime factors of 62687377?
62687377
List the prime factors of 870533864.
2, 79, 1377427
What are the prime factors of 2223214851?
3, 11, 13, 5182319
What are the prime factors of 160198583?
160198583
What are the prime factors of 1192090493?
11, 643, 168541
What are the prime factors of 3360923407?
3360923407
What are the prime factors of 3912411113?
13, 23, 13084987
What are the prime factors of 47178554?
2, 3613, 6529
What are the prime factors of 209024483?
23, 367, 24763
What are the prime factors of 3969175829?
19, 757, 275963
List the prime factors of 77457690.
2, 3, 5, 860641
What are the prime factors of 54334031?
54334031
What are the prime factors of 1709076734?
2, 103, 1531, 5419
What are the prime factors of 649260406?
2, 227, 1430089
What are the prime factors of 2914468219?
13, 17, 131, 100669
What are the prime factors of 467966180?
2, 5, 11, 1193, 1783
What are the prime factors of 283767346?
2, 141883673
What are the prime factors of 5975894222?
2, 29, 283, 364073
What are the prime factors of 46353076?
2, 7, 11, 150497
List the prime factors of 6084140528.
2, 380258783
List the prime factors of 341269232.
2, 701, 30427
What are the prime factors of 77740223?
11, 41, 172373
List the prime factors of 34205809.
11, 3109619
What are the prime factors of 5126347?
5126347
List the prime factors of 886716675.
3, 5, 13, 303151
What are the prime factors of 545514088?
2, 7, 17, 37, 911
What are the prime factors of 105548320?
2, 5, 317, 2081
What are the prime factors of 658330383?
3, 21944346